e?
True
Is 56483 composite?
True
Is 717979 composite?
False
Is 58129 a prime number?
True
Is 116069 a prime number?
False
Is 32909 composite?
False
Is 1484629 prime?
True
Is 159878 composite?
True
Is 318194 a prime number?
False
Is 5578 composite?
True
Is 107611 a composite number?
True
Is 355297 a composite number?
False
Is 173909 composite?
False
Is 12767 composite?
True
Is 1361 a composite number?
False
Is 12791 a composite number?
False
Is 78259 prime?
True
Is 40757 a prime number?
False
Is 222694 a composite number?
True
Is 772439 composite?
False
Is 93083 a composite number?
False
Is 10831 a composite number?
False
Is 58129 a composite number?
False
Is 7899 composite?
True
Is 17417 a prime number?
True
Is 8999 composite?
False
Is 237137 composite?
False
Is 19066 prime?
False
Is 138253 composite?
True
Is 629 a prime number?
False
Is 501637 composite?
False
Is 17638 prime?
False
Is 61939 a prime number?
False
Is 89153 a composite number?
False
Is 253273 prime?
True
Is 1990259 a composite number?
True
Is 7087 prime?
False
Is 231979 a composite number?
True
Is 1267 a prime number?
False
Is 127447 a composite number?
False
Is 123817 prime?
True
Is 834869 composite?
True
Is 110689 a composite number?
True
Is 1819 composite?
True
Is 1537 prime?
False
Is 478031 composite?
True
Is 1371 a prime number?
False
Is 6197 composite?
False
Is 11038 a prime number?
False
Is 16351 prime?
False
Is 346121 composite?
True
Is 217453 a composite number?
True
Is 103067 a prime number?
True
Is 21623 a prime number?
False
Is 13147 composite?
False
Is 71837 composite?
False
Is 17513 composite?
True
Is 200917 a composite number?
True
Is 3589 prime?
False
Is 319 a composite number?
True
Is 557089 composite?
True
Is 177739 a composite number?
False
Is 415217 prime?
False
Is 465551 composite?
False
Is 311447 prime?
True
Is 811337 prime?
True
Is 38501 prime?
True
Is 3163 a prime number?
True
Is 520727 a composite number?
True
Is 24599 a prime number?
False
Is 54437 a composite number?
False
Is 1537 a composite number?
True
Is 280465 a prime number?
False
Is 862 a composite number?
True
Is 61861 a prime number?
True
Is 11041 prime?
False
Is 141497 prime?
True
Is 7867 a composite number?
False
Is 3359 composite?
False
Is 428969 composite?
True
Is 93629 prime?
True
Is 172417 composite?
True
Is 3998 a composite number?
True
Is 2831 a prime number?
False
Is 129401 prime?
True
Is 12793 a prime number?
False
Is 74829 a composite number?
True
Is 21059 a prime number?
True
Is 140713 a prime number?
False
Is 2604431 prime?
True
Is 1657 prime?
True
Is 446417 composite?
False
Is 286451 composite?
True
Is 234083 a composite number?
False
Is 59937 a prime number?
False
Is 14969 prime?
True
Is 211193 composite?
False
Is 678859 a composite number?
False
Is 1166213 a prime number?
True
Is 9458 prime?
False
Is 106529 composite?
True
Is 11015 a composite number?
True
Is 631751 a composite number?
False
Is 1164469 prime?
False
Is 1283 composite?
False
Is 23797 prime?
False
Is 235043 a prime number?
True
Is 682967 prime?
True
Is 64445 composite?
True
Is 453 composite?
True
Is 29009 prime?
True
Is 52919 a prime number?
True
Is 9719 prime?
True
Is 6629 a composite number?
True
Is 287173 a prime number?
True
Is 57517 prime?
False
Is 56467 prime?
True
Is 351527 prime?
False
Is 23677 a composite number?
False
Is 267929 a composite number?
False
Is 59531 a composite number?
True
Is 43157 a prime number?
False
Is 444097 composite?
True
Is 1393129 a composite number?
True
Is 83399 a composite number?
False
Is 51307 a prime number?
True
Is 673 a composite number?
False
Is 480257 a composite number?
True
Is 28115 prime?
False
Is 598447 a composite number?
False
Is 28687 a composite number?
False
Is 1061 a prime number?
True
Is 2547323 composite?
False
Is 47189 composite?
False
Is 1008493 a composite number?
False
Is 294914 prime?
False
Is 1039 a composite number?
False
Is 1043 prime?
False
Is 893 composite?
True
Is 10913 composite?
True
Is 527441 a composite number?
False
Is 137451 a prime number?
False
Is 822067 a composite number?
False
Is 1847 a composite number?
False
Is 59317 composite?
True
Is 521 composite?
False
Is 9599 a composite number?
True
Is 235159 composite?
False
Is 164701 a prime number?
True
Is 38239 a composite number?
False
Is 453239 a prime number?
True
Is 224093 composite?
True
Is 134905 a composite number?
True
Is 5773 a composite number?
True
Is 667 a composite number?
True
Is 16547 prime?
True
Is 30947 a composite number?
True
Is 683 composite?
False
Is 99445 a prime number?
False
Is 28789 prime?
True
Is 22171 prime?
True
Is 34189 prime?
False
Is 4741 prime?
False
Is 76742 a prime number?
False
Is 740441 a composite number?
True
Is 10427 a prime number?
True
Is 105863 composite?
False
Is 346901 composite?
True
Is 41539 a prime number?
True
Is 377711 a prime number?
True
Is 112657 a prime number?
True
Is 3643 composite?
False
Is 55851 a composite number?
True
Is 40121 a prime number?
False
Is 5969 prime?
False
Is 454169 prime?
False
Is 1262 composite?
True
Is 9647 prime?
False
Is 709151 a composite number?
False
Is 1249 a prime number?
True
Is 743 composite?
False
Is 25433 a composite number?
True
Is 10897 prime?
False
Is 111301 a prime number?
True
Is 34889 prime?
False
Is 354743 a prime number?
True
Is 753 a composite number?
True
Is 1328785 a prime number?
False
Is 4987 prime?
True
Is 9609 a prime number?
False
Is 5899 composite?
True
Is 46621 prime?
False
Is 443467 a prime number?
True
Is 202819 a composite number?
True
Is 798733 a prime number?
False
Is 108937 a prime number?
False
Is 93581 a prime number?
True
Is 3299 composite?
False
Is 16381 prime?
True
Is 2045 a prime number?
False
Is 615299 prime?
True
Is 5027 a prime number?
False
Is 93271 a composite number?
True
Is 70429 prime?
True
Is 1039 prime?
True
Is 1709 prime?
True
Is 1598839 a prime number?
False
Is 27991 prime?
False
Is 90313 composite?
False
Is 8581 composite?
False
Is 47453 composite?
True
Is 4717 composite?
True
Is 148171 prime?
True
Is 616909 a composite number?
False
Is 21799 a composite number?
False
Is 280201 prime?
False
Is 35069 composite?
False
Is 12437 a composite number?
False
Is 934 a prime number?
False
Is 203011 a composite number?
False
Is 8623 a composite number?
False
Is 657649 a composite number?
False
Is 11695 a composite number?
True
Is 316847 a composite number?
False
Is 8791 a prime number?
False
Is 109639 a composite number?
False
Is 7747 composite?
True
Is 232751 prime?
True
Is 328543 prime?
True
Is 208237 prime?
False
Is 103363 a prime number?
False
Is 30431 composite?
False
Is 2212921 composite?
False
Is 3604759 prime?
False
Is 4883 a composite number?
True
Is 645571 a composite number?
False
Is 1931 a composite number?
False
Is 224603 a composite number?
False
Is 11617 composite?
False
Is 262829 a composite number?
True
Is 5507 a prime number?
True
Is 11669 composite?
True
Is 18969 a composite number?
True
Is 6469 prime?
True
Is 79103 prime?
True
Is 52031 a composite number?
True
Is 1031 a composite number?
False
Is 541 a composite number?
False
Is 15581 composite?
False
Is 301729 a prime number?
False
Is 4911 prime?
False
Is 13159 prime?
True
Is 8939 prime?
False
Is 10741 prime?
False
Is 81341 prime?
False
Is 11183 a composite number?
True
Is 30757 prime?
True
Is 3629 a composite number?
True
Is 2833 prime?
True
Is 621559 a composite number?
True
Is 341839 prime?
True
Is 25621 composite?
False
Is 2149 composite?
True
Is 10411 a prime number?
False
Is 66893 prime?
False
Is 2503 a composite number?
False
Is 5294 a composite number?
True
Is 3882179 prime?
False
Is 110419 prime?
True
Is 851 a composite number?
True
Is 3589 prime?
False
Is 83339 prime?
True
Is 591259 composite?
False
Is 19553 composite?
False
Is 576683 a prime number?
True
Is 931823 a prime number?
False
Is 88149 composite?
True
Is 381835 a composite number?
True
Is 226601 a composite number?
False
Is 233939 a composite number?
False
Is 557 composite?
False
Is 43517 prime?
True
Is 60209 a composite number?
False
Is 53 composite?
False
Is 989563 prime?
False
Is 555521 composite?
False
Is 227011 prime?
True
Is 64741 a composite number?
True
Is 781151 a prime number?
False
Is 228341 composite?
False
Is 581809 a p